{"id":3082,"date":"2024-10-17T22:34:56","date_gmt":"2024-10-17T20:34:56","guid":{"rendered":"https:\/\/www.pauapeau.fr\/?page_id=3082"},"modified":"2025-11-27T18:01:55","modified_gmt":"2025-11-27T17:01:55","slug":"seance-reflexologie-erve","status":"publish","type":"page","link":"https:\/\/www.pauapeau.fr\/index.php\/seance-reflexologie-erve\/","title":{"rendered":"S\u00e9ance R\u00e9flexologie ERVE"},"content":{"rendered":"<div class=\"fusion-fullwidth fullwidth-box fusion-builder-row-1 fusion-flex-container nonhundred-percent-fullwidth non-hundred-percent-height-scrolling\" style=\"--awb-border-radius-top-left:0px;--awb-border-radius-top-right:0px;--awb-border-radius-bottom-right:0px;--awb-border-radius-bottom-left:0px;--awb-flex-wrap:wrap;\" ><div class=\"fusion-builder-row fusion-row fusion-flex-align-items-flex-start fusion-flex-content-wrap\" style=\"max-width:1310.4px;margin-left: calc(-4% \/ 2 );margin-right: calc(-4% \/ 2 );\"><div class=\"fusion-layout-column fusion_builder_column fusion-builder-column-0 fusion_builder_column_1_1 1_1 fusion-flex-column\" style=\"--awb-bg-size:cover;--awb-width-large:100%;--awb-margin-top-large:0px;--awb-spacing-right-large:1.92%;--awb-margin-bottom-large:0px;--awb-spacing-left-large:1.92%;--awb-width-medium:100%;--awb-spacing-right-medium:1.92%;--awb-spacing-left-medium:1.92%;--awb-width-small:100%;--awb-spacing-right-small:1.92%;--awb-spacing-left-small:1.92%;\"><div class=\"fusion-column-wrapper fusion-flex-justify-content-flex-start fusion-content-layout-column\"><div class=\"fusion-text fusion-text-1\"><p><span style=\"color: #333333;\">La r\u00e9flexologie <b> ERVE<\/b> est une m\u00e9thode de r\u00e9flexologie plantaire mais aussi palmaire issue de l&rsquo; <b>E<\/b>cole de <b>R<\/b>\u00e9flexologie <b>V<\/b>ectorielle et <b>E<\/b>nerg\u00e9tique en France. <\/span><span style=\"color: #333333; font-family: var(--awb-text-font-family); font-size: var(--awb-font-size); font-style: var(--awb-text-font-style); font-weight: var(--awb-text-font-weight); letter-spacing: var(--awb-letter-spacing); text-align: var(--awb-content-alignment); text-transform: var(--awb-text-transform); background-color: var(--awb-bg-color-hover);\">Elabor\u00e9e dans les ann\u00e9es 1990, par <\/span><span style=\"color: #333333; font-family: var(--awb-text-font-family); font-size: var(--awb-font-size); font-style: var(--awb-text-font-style); letter-spacing: var(--awb-letter-spacing); text-align: var(--awb-content-alignment); text-transform: var(--awb-text-transform); background-color: var(--awb-bg-color-hover);\"><b>Jean-Paul Barbier<\/b><\/span><span style=\"color: #333333; font-family: var(--awb-text-font-family); font-size: var(--awb-font-size); font-style: var(--awb-text-font-style); font-weight: var(--awb-text-font-weight); letter-spacing: var(--awb-letter-spacing); text-align: var(--awb-content-alignment); text-transform: var(--awb-text-transform); background-color: var(--awb-bg-color-hover);\">, c&rsquo;est la seule m\u00e9thode qui allie protocole obligatoire et adaptatif.<\/span><\/p>\n<p><span style=\"font-family: var(--awb-text-font-family); font-size: var(--awb-font-size); font-style: var(--awb-text-font-style); font-weight: var(--awb-text-font-weight); letter-spacing: var(--awb-letter-spacing); text-align: var(--awb-content-alignment); text-transform: var(--awb-text-transform); background-color: var(--awb-bg-color-hover); color: #333333;\">Inspir\u00e9e de la <\/span><span style=\"font-family: var(--awb-text-font-family); font-size: var(--awb-font-size); font-style: var(--awb-text-font-style); letter-spacing: var(--awb-letter-spacing); text-align: var(--awb-content-alignment); text-transform: var(--awb-text-transform); background-color: var(--awb-bg-color-hover); color: #333333;\"><b>M<\/b><\/span><span style=\"font-family: var(--awb-text-font-family); font-size: var(--awb-font-size); font-style: var(--awb-text-font-style); font-weight: var(--awb-text-font-weight); letter-spacing: var(--awb-letter-spacing); text-align: var(--awb-content-alignment); text-transform: var(--awb-text-transform); background-color: var(--awb-bg-color-hover); color: #333333;\">\u00e9decine <\/span><span style=\"font-family: var(--awb-text-font-family); font-size: var(--awb-font-size); font-style: var(--awb-text-font-style); letter-spacing: var(--awb-letter-spacing); text-align: var(--awb-content-alignment); text-transform: var(--awb-text-transform); background-color: var(--awb-bg-color-hover); color: #333333;\"><b>T<\/b><\/span><span style=\"font-family: var(--awb-text-font-family); font-size: var(--awb-font-size); font-style: var(--awb-text-font-style); font-weight: var(--awb-text-font-weight); letter-spacing: var(--awb-letter-spacing); text-align: var(--awb-content-alignment); text-transform: var(--awb-text-transform); background-color: var(--awb-bg-color-hover); color: #333333;\">raditionnelle <\/span><span style=\"font-family: var(--awb-text-font-family); font-size: var(--awb-font-size); font-style: var(--awb-text-font-style); letter-spacing: var(--awb-letter-spacing); text-align: var(--awb-content-alignment); text-transform: var(--awb-text-transform); background-color: var(--awb-bg-color-hover); color: #333333;\"><b>C<\/b><\/span><span style=\"font-family: var(--awb-text-font-family); font-size: var(--awb-font-size); font-style: var(--awb-text-font-style); font-weight: var(--awb-text-font-weight); letter-spacing: var(--awb-letter-spacing); text-align: var(--awb-content-alignment); text-transform: var(--awb-text-transform); background-color: var(--awb-bg-color-hover); color: #333333;\">hinoise (<\/span><span style=\"font-family: var(--awb-text-font-family); font-size: var(--awb-font-size); font-style: var(--awb-text-font-style); letter-spacing: var(--awb-letter-spacing); text-align: var(--awb-content-alignment); text-transform: var(--awb-text-transform); background-color: var(--awb-bg-color-hover); color: #333333;\"><b>MTC<\/b><\/span><span style=\"font-family: var(--awb-text-font-family); font-size: var(--awb-font-size); font-style: var(--awb-text-font-style); font-weight: var(--awb-text-font-weight); letter-spacing: var(--awb-letter-spacing); text-align: var(--awb-content-alignment); text-transform: var(--awb-text-transform); background-color: var(--awb-bg-color-hover); color: #333333;\">) et de la r\u00e9flexologie d&rsquo; <\/span><span style=\"font-family: var(--awb-text-font-family); font-size: var(--awb-font-size); font-style: var(--awb-text-font-style); letter-spacing: var(--awb-letter-spacing); text-align: var(--awb-content-alignment); text-transform: var(--awb-text-transform); background-color: var(--awb-bg-color-hover); color: #333333;\"><b>Ingham<\/b><\/span><span style=\"font-family: var(--awb-text-font-family); font-size: var(--awb-font-size); font-style: var(--awb-text-font-style); font-weight: var(--awb-text-font-weight); letter-spacing: var(--awb-letter-spacing); text-align: var(--awb-content-alignment); text-transform: var(--awb-text-transform); background-color: var(--awb-bg-color-hover); color: #333333;\">, <\/span><span style=\"color: var(--awb-text-color); font-family: var(--awb-text-font-family); font-size: var(--awb-font-size); font-style: var(--awb-text-font-style); font-weight: var(--awb-text-font-weight); letter-spacing: var(--awb-letter-spacing); text-align: var(--awb-content-alignment); text-transform: var(--awb-text-transform); background-color: var(--awb-bg-color-hover);\">elle permet de traiter de plusieurs mani\u00e8res des d\u00e9s\u00e9quilibres organiques, psychiques ou des troubles ost\u00e9o-musculaires en utilisant le pouvoir d&rsquo;auto gu\u00e9rison du corps, la communication via les fascias et les vecteurs \u00e9nerg\u00e9tiques de la MTC pour potentialiser l&rsquo;\u00e9liminations des toxines et aider le corps \u00e0 retrouver son \u00e9quilibre.<\/span><\/p>\n<p><b><span style=\"color: var(--awb-color5);\"><u>Comment ?<\/u><\/span><\/b><\/p>\n<p style=\"color: var(--awb-color5);\"><b>Le r\u00e9flexologue travaille sur des trajets et points pr\u00e9sents au niveau des pieds et des mains, que l&rsquo;on appelle points r\u00e9flexes ou zones r\u00e9flexes. Cela induit une r\u00e9action de l\u2019organisme que l&rsquo;on assimile \u00e0 une piq\u00fbre nette et vive. En travaillant directement via le syst\u00e8me nerveux et l&rsquo;arc r\u00e9flexe, le r\u00e9flexologue per\u00e7oit au travers des pieds des blocages et des d\u00e9s\u00e9quilibres sur des zones bien d\u00e9finies des pieds correspondant aux organes et structures du corps cartographi\u00e9es de part et d&rsquo;autre des deux pieds.<\/b><\/p>\n<p><span style=\"font-family: var(--awb-text-font-family); font-size: var(--awb-font-size); font-style: var(--awb-text-font-style); font-weight: var(--awb-text-font-weight); letter-spacing: var(--awb-letter-spacing); text-align: var(--awb-content-alignment); text-transform: var(--awb-text-transform); background-color: var(--awb-bg-color-hover); color: #333333;\">Bien que connue depuis des milliers d&rsquo;ann\u00e9es, la r\u00e9flexologie ERVE se d\u00e9marque par :<\/span><\/p>\n<p><b><span style=\"vertical-align: inherit; color: #333333;\"><span style=\"vertical-align: inherit; color: var(--awb-color8);\">\u2981 Une recirculation de l&rsquo;\u00e9nergie Qi selon la MTC<\/span><\/span><br \/><span style=\"vertical-align: inherit; color: #333333;\"><span style=\"vertical-align: inherit; color: var(--awb-color8);\">\u2981 Des zones r\u00e9flexes diff\u00e9rentes entre un organe sain (zone m\u00e8re) et un organe l\u00e9s\u00e9 (zone p\u00e9riph\u00e9rique)<\/span><\/span><br \/><span style=\"vertical-align: inherit; color: #333333;\"><span style=\"vertical-align: inherit; color: var(--awb-color8);\">\u2981 Stimulation de la circulation sanguine et lymphatique potentialis\u00e9e par les vecteurs \u00e9nerg\u00e9tiques<\/span><\/span><br \/><span style=\"vertical-align: inherit; color: #333333;\"><span style=\"vertical-align: inherit; color: var(--awb-color8);\">\u2981 Travail sur les troubles ost\u00e9o-musculaires via le syst\u00e8me nerveux et les fascias<\/span><\/span><br \/><span style=\"vertical-align: inherit; color: #333333;\"><span style=\"vertical-align: inherit; color: var(--awb-color8);\">\u2981 Mise en \u00e9vidence d&rsquo;organes ou zones complices (travail en leurre)<\/span><\/span><br \/><span style=\"vertical-align: inherit; color: #333333;\"><span style=\"vertical-align: inherit; color: var(--awb-color8);\">\u2981 Cr\u00e9ation de trajets d&rsquo;\u00e9liminations via les fascias pour favoriser le drainage <\/span><\/span><br \/><span style=\"vertical-align: inherit; color: #333333;\"><span style=\"vertical-align: inherit; color: var(--awb-color8);\">\u2981 Protocole unique permettant de rebooster l&rsquo;organisme<\/span><\/span><br \/><span style=\"vertical-align: inherit; color: #333333;\"><span style=\"vertical-align: inherit; color: var(--awb-color8);\">\u2981 Une interactivit\u00e9 constante pour guider la prise en charge <\/span><\/span><br \/><span style=\"vertical-align: inherit; color: #333333;\"><span style=\"vertical-align: inherit; color: var(--awb-color8);\">\u2981 Une m\u00e9thode \u00e0 votre \u00e9coute en priorisant deux maux maximum par s\u00e9ance<\/span><\/span><\/b><\/p>\n<p><span style=\"font-family: var(--awb-text-font-family); font-size: var(--awb-font-size); font-style: var(--awb-text-font-style); font-weight: var(--awb-text-font-weight); letter-spacing: var(--awb-letter-spacing); text-align: var(--awb-content-alignment); text-transform: var(--awb-text-transform); background-color: var(--awb-bg-color-hover); color: #333333;\">Tout en respectant votre parcours, vos besoins et vos ressentis, cet accompagnement <\/span><b style=\"font-family: var(--awb-text-font-family); font-size: var(--awb-font-size); font-style: var(--awb-text-font-style); letter-spacing: var(--awb-letter-spacing); text-align: var(--awb-content-alignment); text-transform: var(--awb-text-transform); background-color: var(--awb-bg-color-hover); color: #333333;\">interactif<\/b><span style=\"font-family: var(--awb-text-font-family); font-size: var(--awb-font-size); font-style: var(--awb-text-font-style); font-weight: var(--awb-text-font-weight); letter-spacing: var(--awb-letter-spacing); text-align: var(--awb-content-alignment); text-transform: var(--awb-text-transform); background-color: var(--awb-bg-color-hover); color: #333333;\"> vous rendra<\/span><b style=\"font-family: var(--awb-text-font-family); font-size: var(--awb-font-size); font-style: var(--awb-text-font-style); letter-spacing: var(--awb-letter-spacing); text-align: var(--awb-content-alignment); text-transform: var(--awb-text-transform); background-color: var(--awb-bg-color-hover); color: #333333;\"> donc acteur de votre sant\u00e9 et autonome dans votre bien-\u00eatre !<\/b><\/p>\n<p><span style=\"color: #333333;\"><span style=\"vertical-align: inherit;\"><span style=\"vertical-align: inherit; color: var(--awb-color8);\"><b style=\"color: var(--awb-color5);\"><u>Bienfait de la r\u00e9flexologie ERVE :<\/u><\/b><\/span><\/span><\/span><\/p>\n<p><b><span style=\"vertical-align: inherit; color: #333333;\"><span style=\"vertical-align: inherit; color: var(--awb-color5);\">\u2981 Diminution du stress et de l&rsquo;angoisse<\/span><\/span><br \/><span style=\"vertical-align: inherit; color: #333333;\"><span style=\"vertical-align: inherit; color: var(--awb-color5);\">\u2981 Am\u00e9lioration du sommeil et de la concentration<\/span><\/span><br \/><span style=\"vertical-align: inherit; color: #333333;\"><span style=\"vertical-align: inherit; color: var(--awb-color5);\">\u2981 Gestion de la fatigue<\/span><\/span><br \/><span style=\"vertical-align: inherit; color: #333333;\"><span style=\"vertical-align: inherit; color: var(--awb-color5);\">\u2981 Stimulation de la circulation sanguine et lymphatique<\/span><\/span><br \/><span style=\"vertical-align: inherit; color: #333333;\"><span style=\"vertical-align: inherit; color: var(--awb-color5);\">\u2981 R\u00e9\u00e9quilibrage du syst\u00e8me nerveux<\/span><\/span><br \/><span style=\"vertical-align: inherit; color: #333333;\"><span style=\"vertical-align: inherit; color: var(--awb-color5);\">\u2981 Soutien du<\/span><\/span><span style=\"color: var(--awb-color5);\"> syst\u00e8me immunitaire<\/span><br \/><span style=\"vertical-align: inherit; color: #333333;\"><span style=\"vertical-align: inherit; color: var(--awb-color5);\">\u2981 D\u00e9toxification des \u00e9monctoires<\/span><\/span><br \/><span style=\"vertical-align: inherit; color: #333333;\"><span style=\"vertical-align: inherit; color: var(--awb-color5);\">\u2981 Meilleure tol\u00e9rance \u00e0 la douleur par s\u00e9cr\u00e9tion d&rsquo; hormones <\/span><\/span><br \/><span style=\"vertical-align: inherit; color: #333333;\"><span style=\"vertical-align: inherit; color: var(--awb-color5);\">\u2981 Gestion des troubles ORL et pulmonaires<\/span><\/span><\/b><b><span style=\"vertical-align: inherit; color: #333333;\"><span style=\"vertical-align: inherit; color: var(--awb-color5);\"><br \/>\u2981 Gestion des troubles digestifs<br \/>\u2981 Gestion des troubles urinaires et gyn\u00e9cologiques<br \/>\u2981 Gestion des troubles ost\u00e9o-musculaires<br \/>\u2981 Gestion des d\u00e9s\u00e9quilibres endocriniens<br \/>\u2981 Gestion des d\u00e9s\u00e9quilibres c\u00e9r\u00e9braux<br \/>\u2981 Diminutions des effets secondaires (m\u00e9dicaments, chimioth\u00e9rapies)<\/span><\/span><\/b><\/p>\n<\/div><div class=\"fusion-image-element \" style=\"text-align:center;--awb-aspect-ratio: 100 \/ 93;--awb-object-position:44% 52%;--awb-mask-url: url(https:\/\/www.pauapeau.fr\/wp-content\/plugins\/fusion-builder\/\/assets\/images\/masks\/mask-3.svg);--awb-mask-size: cover;--awb-caption-title-font-family:var(--h2_typography-font-family);--awb-caption-title-font-weight:var(--h2_typography-font-weight);--awb-caption-title-font-style:var(--h2_typography-font-style);--awb-caption-title-size:var(--h2_typography-font-size);--awb-caption-title-transform:var(--h2_typography-text-transform);--awb-caption-title-line-height:var(--h2_typography-line-height);--awb-caption-title-letter-spacing:var(--h2_typography-letter-spacing);\"><div class=\"awb-image-frame awb-image-frame-1 imageframe-liftup imageframe-1 hover-with-mask\"><span class=\" fusion-imageframe imageframe-none imageframe-1 has-mask has-aspect-ratio\"><img decoding=\"async\" width=\"750\" height=\"1000\" title=\"flat,750x,075,f-pad,750&#215;1000,f8f8f8\" src=\"https:\/\/www.pauapeau.fr\/wp-content\/uploads\/2024\/11\/flat750x075f-pad750x1000f8f8f8.jpg\" data-orig-src=\"https:\/\/www.pauapeau.fr\/wp-content\/uploads\/2024\/11\/flat750x075f-pad750x1000f8f8f8.jpg\" class=\"lazyload img-responsive wp-image-3143 img-with-aspect-ratio\" alt srcset=\"data:image\/svg+xml,%3Csvg%20xmlns%3D%27http%3A%2F%2Fwww.w3.org%2F2000%2Fsvg%27%20width%3D%27750%27%20height%3D%271000%27%20viewBox%3D%270%200%20750%201000%27%3E%3Crect%20width%3D%27750%27%20height%3D%271000%27%20fill-opacity%3D%220%22%2F%3E%3C%2Fsvg%3E\" data-srcset=\"https:\/\/www.pauapeau.fr\/wp-content\/uploads\/2024\/11\/flat750x075f-pad750x1000f8f8f8-200x267.jpg 200w, https:\/\/www.pauapeau.fr\/wp-content\/uploads\/2024\/11\/flat750x075f-pad750x1000f8f8f8-400x533.jpg 400w, https:\/\/www.pauapeau.fr\/wp-content\/uploads\/2024\/11\/flat750x075f-pad750x1000f8f8f8-600x800.jpg 600w, https:\/\/www.pauapeau.fr\/wp-content\/uploads\/2024\/11\/flat750x075f-pad750x1000f8f8f8.jpg 750w\" data-sizes=\"auto\" data-orig-sizes=\"(max-width: 640px) 100vw, 750px\" \/><\/span><\/div><\/div><div class=\"fusion-image-element \" style=\"text-align:center;--awb-aspect-ratio: 100 \/ 80;--awb-object-position:53% 26%;--awb-mask-url: url(https:\/\/www.pauapeau.fr\/wp-content\/plugins\/fusion-builder\/\/assets\/images\/masks\/mask-15.svg);--awb-mask-size: cover;--awb-mask-position: top center;--awb-caption-title-font-family:var(--h2_typography-font-family);--awb-caption-title-font-weight:var(--h2_typography-font-weight);--awb-caption-title-font-style:var(--h2_typography-font-style);--awb-caption-title-size:var(--h2_typography-font-size);--awb-caption-title-transform:var(--h2_typography-text-transform);--awb-caption-title-line-height:var(--h2_typography-line-height);--awb-caption-title-letter-spacing:var(--h2_typography-letter-spacing);\"><span class=\" fusion-imageframe imageframe-none imageframe-2 hover-type-none has-mask has-aspect-ratio\"><img decoding=\"async\" width=\"1080\" height=\"2340\" title=\"Screenshot_20251127_175223_Gallery\" src=\"https:\/\/www.pauapeau.fr\/wp-content\/uploads\/2025\/11\/Screenshot_20251127_175223_Gallery.jpg\" data-orig-src=\"https:\/\/www.pauapeau.fr\/wp-content\/uploads\/2025\/11\/Screenshot_20251127_175223_Gallery.jpg\" class=\"lazyload img-responsive wp-image-3263 img-with-aspect-ratio\" alt srcset=\"data:image\/svg+xml,%3Csvg%20xmlns%3D%27http%3A%2F%2Fwww.w3.org%2F2000%2Fsvg%27%20width%3D%271080%27%20height%3D%272340%27%20viewBox%3D%270%200%201080%202340%27%3E%3Crect%20width%3D%271080%27%20height%3D%272340%27%20fill-opacity%3D%220%22%2F%3E%3C%2Fsvg%3E\" data-srcset=\"https:\/\/www.pauapeau.fr\/wp-content\/uploads\/2025\/11\/Screenshot_20251127_175223_Gallery-200x433.jpg 200w, https:\/\/www.pauapeau.fr\/wp-content\/uploads\/2025\/11\/Screenshot_20251127_175223_Gallery-400x867.jpg 400w, https:\/\/www.pauapeau.fr\/wp-content\/uploads\/2025\/11\/Screenshot_20251127_175223_Gallery-600x1300.jpg 600w, https:\/\/www.pauapeau.fr\/wp-content\/uploads\/2025\/11\/Screenshot_20251127_175223_Gallery-800x1733.jpg 800w, https:\/\/www.pauapeau.fr\/wp-content\/uploads\/2025\/11\/Screenshot_20251127_175223_Gallery.jpg 1080w\" data-sizes=\"auto\" data-orig-sizes=\"(max-width: 640px) 100vw, 1080px\" \/><\/span><\/div><\/div><\/div><\/div><\/div>\n","protected":false},"excerpt":{"rendered":"","protected":false},"author":2,"featured_media":0,"parent":0,"menu_order":0,"comment_status":"closed","ping_status":"closed","template":"","meta":{"om_disable_all_campaigns":false,"footnotes":""},"class_list":["post-3082","page","type-page","status-publish","hentry"],"_links":{"self":[{"href":"https:\/\/www.pauapeau.fr\/index.php\/wp-json\/wp\/v2\/pages\/3082","targetHints":{"allow":["GET"]}}],"collection":[{"href":"https:\/\/www.pauapeau.fr\/index.php\/wp-json\/wp\/v2\/pages"}],"about":[{"href":"https:\/\/www.pauapeau.fr\/index.php\/wp-json\/wp\/v2\/types\/page"}],"author":[{"embeddable":true,"href":"https:\/\/www.pauapeau.fr\/index.php\/wp-json\/wp\/v2\/users\/2"}],"replies":[{"embeddable":true,"href":"https:\/\/www.pauapeau.fr\/index.php\/wp-json\/wp\/v2\/comments?post=3082"}],"version-history":[{"count":21,"href":"https:\/\/www.pauapeau.fr\/index.php\/wp-json\/wp\/v2\/pages\/3082\/revisions"}],"predecessor-version":[{"id":3265,"href":"https:\/\/www.pauapeau.fr\/index.php\/wp-json\/wp\/v2\/pages\/3082\/revisions\/3265"}],"wp:attachment":[{"href":"https:\/\/www.pauapeau.fr\/index.php\/wp-json\/wp\/v2\/media?parent=3082"}],"curies":[{"name":"wp","href":"https:\/\/api.w.org\/{rel}","templated":true}]}}